. Let b(l) = 3*l**3 + 7*l**2 - 6. Let n be b(6). Let s = n + v. Is s a prime number?
False
Suppose -233*i + 240*i = 188867. Is i composite?
False
Let l be (-52)/(-143)*(-22)/(-4). Suppose -s + 977 = 4*a, l*a - 2921 = -4*s + s. Suppose 2*w + 5*u = s, -3*w - 541 + 1981 = u. Is w a composite number?
False
Let m(g) = 52*g + 149. Let l = -358 + 385. Is m(l) a composite number?
False
Suppose -57*r - 19*r = -7*r - 7441857. Is r composite?
True
Suppose 9906 = 185*q - 191*q. Let y = -812 - q. Is y composite?
False
Suppose -924 + 12156 = 4*b. Suppose n + 4*n - 5*i = 3465, -b = -4*n - 5*i. Is n a prime number?
False
Suppose 32*f + 40*f - 44*f - 842492 = 0. Is f a composite number?
False
Let l(w) = -128*w + 127. Let k(r) = r - 10. Let u be k(-13). Is l(u) a composite number?
True
Suppose 23588 + 22880 = p. Is 26/(-234) - p/(-9) a composite number?
True
Let a(c) = 33586*c + 9197. Is a(29) a composite number?
True
Suppose -2*a - 3*o + 559214 = 0, -5*a + 1080982 = -3*o - 317053. Is a a composite number?
False
Suppose 27 = k - 5*g, g - 33 = -3*k - 0*g. Suppose k*r = 8*r + 24. Suppose 5*d = y - 902, -r*d = 2*y - 2*d - 1762. Is y prime?
True
Let a = 375 - 364. Suppose 8*l + a*l - 83201 = 0. Is l composite?
True
Let a = 38613 - -36998. Is a a composite number?
False
Let y(f) = -42*f**3 + 9*f**2 + 14*f - 17. Is y(-4) a prime number?
False
Let w = 19153 - 8594. Is w prime?
True
Suppose -4*q + 4319 = -15813. Let v = q + 6116. Is v prime?
True
Let q(k) = 239*k**2 + 6*k - 19. Let n(j) = -477*j**2 - 12*j + 36. Let u(i) = -6*n(i) - 11*q(i). Is u(6) a composite number?
True
Let l(j) = -1 + 2*j + 27*j**2 - 4*j - 9*j. Let o(k) = -92*k + 730. Let z be o(8). Is l(z) a composite number?
True
Is 1262 - (26 + 117/(-9)) composite?
False
Suppose 49 = 8*o + 17. Suppose -3*a - 4 = -o*a. Suppose -3*b + 2*b + q + 255 = 0, q + a = 0. Is b a composite number?
False
Is (7577164/(-882))/((-8)/36) a prime number?
False
Suppose -74971546 + 275825242 = 192*p. Is p prime?
True
Let x(q) = -q + 65. Let a be x(-20). Suppose 1200043 = -72*s + a*s. Is s a composite number?
False
Let n(f) = 2*f**2 - 8*f + 131029. Is n(0) a composite number?
True
Let v = -89 - -92. Let n(t) = v - 4*t**2 + 15*t - 38*t + 24*t + 1 - 64*t**3. Is n(-3) prime?
True
Suppose 4*o - 382649 = -3*m, 2*m = 13*o - 8*o - 478294. Suppose -4*p + 95660 = y, 9*p + 5*y - o = 5*p. Is p a composite number?
True
Let w be (-6)/(-12)*(0 - -4). Suppose -4*a = -2*a - 4, 3*a = -w*s + 45232. Is s composite?
False
Let a(o) be the first derivative of -336*o**2 - 73*o + 122. Is a(-3) prime?
False
Suppose 24*f + 701908 - 2227420 = 0. Let v = f + -44442. Is v prime?
True
Let x(v) = v + 12. Let n be x(-13). Let g(i) = -i**2 + i - 1. Let c(a) = -8*a**2 - 4*a + 16. Let s(p) = n*c(p) - 5*g(p). Is s(6) a prime number?
False
Let w(j) = 0 - 23*j**2 - j**3 + 57 - 6 + 3*j. Let v be w(-23). Is 1126/4*(-16 - v) prime?
True
Let z = -3541 - -2188. Let y = -1071 - -203. Let j = y - z. Is j composite?
True
Suppose -4*t + 55325 + 406719 = 4*d, d - 4*t - 115541 = 0. Is d a prime number?
False
Suppose -3*m + 394949 = 2*x, 5*m + 0*x - 3*x = 658280. Let f = -46968 + m. Is f a composite number?
True
Suppose 59*q + 53999 = 70*q. Is q/(5/25*5) prime?
True
Let i = -2620 + -12239. Is (-6)/(-9)*i/(-6) a composite number?
True
Let k be (-2)/(1 + 1) - 402. Let q be -282*(11 + (-372)/36). Let g = q - k. Is g composite?
True
Let u(y) = 3*y**2 + 16*y + 37. Let n be u(9). Suppose w - n = 483. Is w a prime number?
True
Suppose -2*m - 3*u = -1079467, m = -3*u + 577749 - 38011. Is m prime?
True
Let f(i) = -14*i - i**3 - 20 - 20 - 17 + 59 - 3*i**2. Let n be f(-11). Suppose 7*t - 7809 + n = 0. Is t a prime number?
False
Suppose 5*h = -3*y + y + 97831, 3*y = 5*h - 97841. Is h a prime number?
False
Suppose 0 = -3*x + 3*a + 27, 2*a = -8 - 0. Let y be (-16)/(0 + 20/(-106))*2535/338. Suppose x*d = d + y. Is d a prime number?
False
Let g(x) = x**3 - x**2 + x + 1. Let h(j) = -11*j**3 - 12*j + 15. Let i(r) = 6*g(r) + h(r). Let p be i(-9). Let b = p - 997. Is b a prime number?
True
Suppose 0 = 68*w - 67*w + 562362. Is w/(-24) - (-1 - 7/(-4)) composite?
False
Let f(a) = -a + 7028. Let h be f(0). Let v = 10193 - h. Let k = v - 702. Is k prime?
False
Suppose 0 = -16*z + 46 + 2. Suppose -l - 3*a + 2 = 0, -z*l + 2*a - 20 = -l. Let q(f) = 3*f**2 - 4*f + 16. Is q(l) composite?
False
Let j = -56 - -60. Suppose -2*l - 3*l + 2*r + 30137 = 0, 24120 = j*l + r. Is l a prime number?
True
Suppose -3*a + 10 + 14 = -3*l, -4*l - 5 = -a. Let d be (-12)/108 - (-1)/a. Suppose d = 6*v - 19340 - 15334. Is v a composite number?
False
Suppose -50*k = -54*k - 2*v + 606268, -k + 4*v + 151549 = 0. Is k composite?
True
Let v(n) = -3*n**2 + 19*n - 26. Let x be v(4). Suppose 0 = -s - 0*s + 4*m + 3713, s + x*m = 3743. Is s prime?
True
Let p = -83 + 83. Suppose p = 7*v - 16*v + 207. Is ((-337)/(-3))/(v/69) a prime number?
True
Let h = 803288 + -558715. Is h prime?
False
Let d(p) = -21*p**3 - 34*p**2 - 25*p + 83. Is d(-16) prime?
False
Suppose -3*h = 2*c + 117024 - 591110, 0 = -2*h. Is c a prime number?
True
Let x be 2*-7*4/(-8). Let o(n) = -n**2 + 20*n - 20. Let b be o(x). Suppose b*j + 1146 = 73*j. Is j a composite number?
True
Let g(h) = -9*h + 128. Let o be g(14). Suppose -u - t + 1468 = 0, 5*u + o*t = 2*u + 4409. Is u a composite number?
True
Let o(w) = 2980*w**2 - 76*w - 575. Is o(-8) composite?
False
Let f(m) = m**3 - 12*m**2 + 11*m + 3. Let d be f(11). Suppose -d*j = j. Suppose -2*x + 76 + 238 = j. Is x a composite number?
False
Let q = 1222219 - 841977. Is q composite?
True
Suppose 2*u = -3*u + 25. Let z(r) = -5 + 10 - 10 + 90*r. Is z(u) a prime number?
False
Let k(w) = -w**2 - 17*w + 34. Let q be k(-19). Let a = 1458 + -700. Is q*(a/(-8) - 0) composite?
False
Is ((-16320867)/(-85))/19*5 a composite number?
True
Let m = -1355201 - -2273022. Is m a composite number?
True
Suppose 497*w - 502*w = -3*c + 181304, 6*w + 181305 = 3*c. Is c a prime number?
False
Is ((-68)/306)/((9/9)/(-6056541)) composite?
True
Let z(m) = 97 - 555*m + 146*m + 37. Is z(-5) a composite number?
False
Suppose -35*x + 183473 = -693872. Is x a prime number?
False
Let u = 97 - 84. Suppose r - 33 = 6*r - 3*t, 3*r + u = -5*t. Is r/(-9) + 0 + (-2757)/(-9) a prime number?
True
Let i(f) = 13*f**2 + 2*f. Let m be i(-3). Suppose 0 = 3*u - 4*u - m. Let d = u + 289. Is d prime?
False
Suppose -115*r + 111*r = 3*i - 497702, 5*r - 4*i - 622143 = 0. Is r a prime number?
True
Suppose 4*j + 5*p - 207849 = 0, 6*j + 103900 = 8*j + 6*p. Is j a prime number?
True
Suppose -3*p = -5*w - 12, -3*p + 24*w - 28*w = 15. Is 127350/114 + p/(19/2) composite?
False
Let p(d) = 2*d**2 + 2*d + 4. Let t be p(-1). Suppose t*q + 8 = 0, 2*q = 4*o - q - 2746. Is o a prime number?
False
Suppose 4*c - 8128 + 2043 = 5*q, -5*c + 1217 = -q. Let d = 144 - q. Is d a composite number?
False
Is ((-444)/(-1036))/(12/16555252) composite?
False
Is 10/(-15)*-199*(-3912)/(-16) prime?
False
Suppose -79856 = -19*m + 17*m + p, 39935 = m + 3*p. Is m composite?
False
Let i be 2 - (-7 + 2 + 2). Suppose 0 = i*d - 4*d - 3. Suppose h = -4*h + 25, -d*s - 2*h = -1489. Is s composite?
True
Let b(i) = -i**3 + 5*i**2 + 15*i + 4. Let k be b(7). Suppose 4*c - 459 + k = 0. Suppose 2*d - c = 2682. Is d prime?
False
Let n(f) = 131*f**2 + f + 10. Suppose 0 = 7*v - 6*v - 3. Let p be n(v). Suppose 0 = 9*i - i - p. Is i a prime number?
True
Let i(a) = 1074*a**2 - 83*a - 1118. Is i(-17) a prime number?
False
Let r(g) = 22*g - 154. Let w be r(7). Suppose -15*u - 8*u + 137701 = w. Is u a composite number?
False
Let i be (-1043)/(-21) - 4/6. Let z(l) = 3*l - 2*l - l**3 - 1 - i*l**2 + 58*l**2. Is z(6) prime?
True
Suppose -4*s - 179 + 195 = 0, 0 = 2*b - 5*s - 718326. Is b prime?
False
Let d(b) = 30543*b + 3871. Is d(22) a composite number?
False
Let r = -143 + 136. Let g(y) = 11*y**2 + 11*y - 5. Let z(v) = -v**2 - v. Let f(c) = 2*g(c) + 18*z(c). Is f(r) a composite number?
True
Suppose -15*i - a = -13*i - 522541, -i + 8*a + 261279 = 0. Is i a composite number?
False
Let x(j) = j**3 - 3*j**2 + 7*j - 7. Suppose w = -3*w - 124. Let n = 35 + w. Is x(n) prime?
True
Let j(k) = -1667*k + 5. Let n(q) = 2*q**2 + 27*q + 30. Let y be n(-12). Is j(y) a composite number?
False
Let i(v) = -52*v + 76*v**2 + 13*v**2 - 20 + 62*v + 32. Supp